it of 634175038?
8
What is the hundreds digit of 1425866257?
2
What is the hundreds digit of 34608468?
4
What is the hundreds digit of 3372645?
6
What is the hundreds digit of 1239928874?
8
What is the hundred millions digit of 315700221?
3
What is the tens digit of 186835018?
1
What is the hundred thousands digit of 237806020?
8
What is the tens digit of 593104209?
0
What is the millions digit of 18580462?
8
What is the hundreds digit of 18344072?
0
What is the billions digit of 4784949357?
4
What is the ten millions digit of 82376970?
8
What is the billions digit of 3970257804?
3
What is the units digit of 7740294?
4
What is the millions digit of 6793418527?
3
What is the thousands digit of 22136310?
6
What is the ten millions digit of 595096546?
9
What is the hundred millions digit of 4103527903?
1
What is the ten millions digit of 537510486?
3
What is the hundred millions digit of 2030728729?
0
What is the tens digit of 1506379804?
0
What is the ten millions digit of 120869895?
2
What is the ten millions digit of 261349398?
6
What is the hundred thousands digit of 8200126?
2
What is the ten millions digit of 87676044?
8
What is the hundreds digit of 362629142?
1
What is the tens digit of 2181457876?
7
What is the units digit of 1603956573?
3
What is the thousands digit of 12323198?
3
What is the thousands digit of 1078814356?
4
What is the hundred millions digit of 5167816807?
1
What is the ten millions digit of 26326639?
2
What is the hundred thousands digit of 62867665?
8
What is the billions digit of 1927644503?
1
What is the hundred millions digit of 1842695415?
8
What is the ten thousands digit of 39255622?
5
What is the millions digit of 2270679173?
0
What is the ten millions digit of 22724267?
2
What is the thousands digit of 46541753?
1
What is the hundred thousands digit of 91475252?
4
What is the tens digit of 18106640?
4
What is the millions digit of 111104678?
1
What is the thousands digit of 788911663?
1
What is the millions digit of 70560842?
0
What is the hundreds digit of 446226071?
0
What is the tens digit of 2038049862?
6
What is the hundred millions digit of 126315765?
1
What is the units digit of 288141130?
0
What is the tens digit of 5327589607?
0
What is the millions digit of 324121552?
4
What is the hundred millions digit of 1331343845?
3
What is the hundred thousands digit of 277809406?
8
What is the thousands digit of 394798154?
8
What is the ten millions digit of 675213930?
7
What is the hundred thousands digit of 5589892?
5
What is the thousands digit of 320748200?
8
What is the units digit of 749371597?
7
What is the thousands digit of 14697542?
7
What is the millions digit of 4290922544?
0
What is the tens digit of 394827352?
5
What is the units digit of 80290210?
0
What is the hundred thousands digit of 1077080508?
0
What is the thousands digit of 779319588?
9
What is the ten thousands digit of 40868863?
6
What is the ten millions digit of 345982904?
4
What is the thousands digit of 10811018?
1
What is the millions digit of 58951752?
8
What is the hundred millions digit of 461344946?
4
What is the thousands digit of 1346667601?
7
What is the millions digit of 91216417?
1
What is the ten thousands digit of 267443534?
4
What is the hundred millions digit of 306862583?
3
What is the ten millions digit of 276144910?
7
What is the tens digit of 123540594?
9
What is the units digit of 5523452151?
1
What is the hundred thousands digit of 133334846?
3
What is the units digit of 158161304?
4
What is the millions digit of 2369569215?
9
What is the hundreds digit of 333329859?
8
What is the hundreds digit of 5047416?
4
What is the hundred millions digit of 3068109820?
0
What is the hundred thousands digit of 552618793?
6
What is the hundred thousands digit of 136541413?
5
What is the thousands digit of 226533434?
3
What is the millions digit of 1113295900?
3
What is the hundred millions digit of 5865663633?
8
What is the millions digit of 2745916101?
5
What is the ten millions digit of 1254166918?
5
What is the hundred millions digit of 3082867339?
0
What is the hundred thousands digit of 211020271?
0
What is the ten thousands digit of 359946975?
4
What is the ten thousands digit of 11044893?
4
What is the hundreds digit of 93685030?
0
What is the hundreds digit of 34148240?
2
What is the ten millions digit of 2185913625?
8
What is the units digit of 18423418?
8
What is the units digit of 9580813?
3
What is the hundred thousands digit of 4862470491?
4
What is the ten thousands digit of 492158261?
5
What is the millions digit of 635551985?
5
What is the thousands digit of 175594689?
4
What is the thousands digit of 23103701?
3
What is the hundred millions digit of 6726686169?
7
What is the hundreds digit of 23701925?
9
What is the ten thousands digit of 52020295?
2
What is the hundreds digit of 570826847?
8
What is the units digit of 6787314978?
8
What is the units digit of 1529179220?
0
What is the hundreds digit of 98275192?
1
What is the hundred millions digit of 1182338480?
1
What is the tens digit of 587813771?
7
What is the hundred thousands digit of 1010340017?
3
What is the millions digit of 910453311?
0
What is the ten thousands digit of 1079210832?
1
What is the ten thousands digit of 67821791?
2
What is the thousands digit of 83711513?
1
What is the hundred thousands digit of 21499965?
4
What is the ten thousands digit of 42287141?
8
What is the hundred thousands digit of 105821854?
8
What is the hundred thousands digit of 89398052?
3
What is the millions digit of 49142229?
9
What is the units digit of 53488292?
2
What is the ten thousands digit of 10367387?
6
What is the ten millions digit of 91296078?
9
What is the ten thousands digit of 579137629?
3
What is the tens digit of 44119475?
7
What is the hundred thousands digit of 28517594?
5
What is the hundred thousands digit of 1589993638?
9
What is the hundred thousands digit of 29285038?
2
What is the tens digit of 15276942?
4
What is the ten thousands digit of 46521211?
2
What is the billions digit of 1396258798?
1
What is the units digit of 673717801?
1
What is the hundreds digit of 2521092388?
3
What is the ten millions digit of 830582360?
3
What is the millions digit of 53247381?
3
What is the hundreds digit of 137754781?
7
What is the units digit of 87598545?
5
What is the thousands digit of 104062433?
2
What is the thousands digit of 329236539?
6
What is the hundred thousands digit of 24743345?
7
What is the thousands digit of 475975981?
5
What is the ten thousands digit of 20995420?
9
What is the thousands digit of 711864278?
4
What is the millions digit of 1508684766?
8
What is the thousands digit of 2322500493?
0
What is the tens digit of 37106576?
7
What is the ten thousands digit of 22242280?
4
What is the tens digit of 479034440?
4
What is the ten thousands digit of 100748777?
4
What is the units digit of 2494499097?
7
What is the hundreds digit of 8352258?
2
What is the ten millions digit of 56450020?
5
What is the ten thousands digit of 775943977?
4
What is the hundred thousands digit of 4578259559?
2
What is the ten thousands digit of 128716128?
1
What is the thousands digit of 3594489750?
9
What is the ten thousands digit of 1129505903?
0
What is the hundreds digit of 8130496451?
4
What is the tens digit of 30492150?
5
What is the hundreds digit of 48077451?
4
What is the hundreds digit of 17491487?
4
What is the tens digit of 2617824?
2
What is the thousands digit of 258277668?
7
What is the millions digit of 34997849?
4
What is the units digit of 959760635?
5
What is the units digit of 13961165?
5
What is the ten millions digit of 414507435?
1
What is the units digit of 13908008?
8
What is the hundred thousands digit of 2165886032?
8
What is the hundred millions digit of 6646619455?
6
What is the ten millions digit of 57927404?
5
What is the ten millions digit of 81777375?
8
What is the hundred millions digit of 198907417?
1
What is the units digit of 472489418?
8
What is the ten thousands digit of 50417288?
1
What is the tens digit of 174802331?
3
What is the millions digit of 57551326?
7
What is the hundreds digit of 14265738?
7
What is the hundred thousands digit of 71550306?
5
What is the ten millions digit of 206487041?
0
What is t